{"id":46312,"date":"2018-03-02T11:37:06","date_gmt":"2018-03-02T10:37:06","guid":{"rendered":"http:\/\/localhost:8000\/events\/nire-txotxongiloa-egiten-eta-txotxongiloen-istorio-bat-komikiitxurakoa-2017ko-lehiaketetan-aurkeztu-diren-haurren-lanekin\/"},"modified":"2018-03-02T11:37:06","modified_gmt":"2018-03-02T10:37:06","slug":"nire-txotxongiloa-egiten-eta-txotxongiloen-istorio-bat-komikiitxurakoa-2017ko-lehiaketetan-aurkeztu-diren-haurren-lanekin","status":"publish","type":"eventos","link":"https:\/\/www.baranain.es\/eu\/eventos\/nire-txotxongiloa-egiten-eta-txotxongiloen-istorio-bat-komikiitxurakoa-2017ko-lehiaketetan-aurkeztu-diren-haurren-lanekin\/","title":{"rendered":"\u201cNire txotxongiloa egiten\u201d eta \u201cTxotxongiloen istorio bat komikiitxurakoa\u201d 2017ko lehiaketetan aurkeztu diren haurren lanekin"},"content":{"rendered":"","protected":false},"featured_media":0,"comment_status":"closed","ping_status":"closed","template":"","meta":{"_wpml_word_count":["{\"total\":0,\"to_translate\":{\"eu\":28,\"es\":28}}"],"autor_o":[""],"boton1":[""],"boton1u":[""],"dias":[";23-4-2018;24-4-2018;25-4-2018;26-4-2018;27-4-2018;28-4-2018;29-4-2018;30-4-2018;01-5-2018;02-5-2018;03-5-2018;04-5-2018;05-5-2018;06-5-2018;"],"event_date":["1524441600"],"event_date1":["1525564800"],"event_ext":[""],"event_horario":[""],"event_horario_fin":[""],"event_horario_inicio":[""],"event_l":["Bara\u00f1ain - Id:9569"],"event_lf":["Bara\u00f1ain - Id:9569"],"event_location":[" Bara\u00f1aingo dendetan eta Kultura Etxean."],"fechas":[""],"importe":[""],"inscripcion":[""],"nota":[""],"ponente":[""],"_wpml_media_featured":["1"],"_wpml_media_duplicate":["1"],"_last_translation_edit_mode":["translation-editor"],"_qt_imported":["from-9660"],"sbg_selected_sidebar":["s:18:\"a:1:{i:0;s:1:\"0\";}\";"],"sbg_selected_sidebar_replacement":["s:17:\"a:1:{i:0;s:0:\"\";}\";"],"sbg_selected_sidebar_2":["s:18:\"a:1:{i:0;s:1:\"0\";}\";"],"sbg_selected_sidebar_2_replacement":["s:17:\"a:1:{i:0;s:0:\"\";}\";"],"_qt_links_fixed":["1"]},"yoast_head":"<!-- This site is optimized with the Yoast SEO plugin v22.3 - https:\/\/yoast.com\/wordpress\/plugins\/seo\/ -->\r\n<title>\u201cNire txotxongiloa egiten\u201d eta \u201cTxotxongiloen istorio bat komikiitxurakoa\u201d 2017ko lehiaketetan aurkeztu diren haurren lanekin - Ayuntamiento de Bara\u00f1ain\/Bara\u00f1aingo Udala<\/title>\r\n<meta name=\"robots\" content=\"index, follow, max-snippet:-1, max-image-preview:large, max-video-preview:-1\" \/>\r\n<link rel=\"canonical\" href=\"https:\/\/www.baranain.es\/eu\/eventos\/nire-txotxongiloa-egiten-eta-txotxongiloen-istorio-bat-komikiitxurakoa-2017ko-lehiaketetan-aurkeztu-diren-haurren-lanekin\/\" \/>\r\n<meta property=\"og:locale\" content=\"eu_ES\" \/>\r\n<meta property=\"og:type\" content=\"article\" \/>\r\n<meta property=\"og:title\" content=\"\u201cNire txotxongiloa egiten\u201d eta \u201cTxotxongiloen istorio bat komikiitxurakoa\u201d 2017ko lehiaketetan aurkeztu diren haurren lanekin - Ayuntamiento de Bara\u00f1ain\/Bara\u00f1aingo Udala\" \/>\r\n<meta property=\"og:url\" content=\"https:\/\/www.baranain.es\/eu\/eventos\/nire-txotxongiloa-egiten-eta-txotxongiloen-istorio-bat-komikiitxurakoa-2017ko-lehiaketetan-aurkeztu-diren-haurren-lanekin\/\" \/>\r\n<meta property=\"og:site_name\" content=\"Ayuntamiento de Bara\u00f1ain\/Bara\u00f1aingo Udala\" \/>\r\n<meta name=\"twitter:card\" content=\"summary_large_image\" \/>\r\n<script type=\"application\/ld+json\" class=\"yoast-schema-graph\">{\"@context\":\"https:\/\/schema.org\",\"@graph\":[{\"@type\":\"WebPage\",\"@id\":\"https:\/\/www.baranain.es\/eu\/eventos\/nire-txotxongiloa-egiten-eta-txotxongiloen-istorio-bat-komikiitxurakoa-2017ko-lehiaketetan-aurkeztu-diren-haurren-lanekin\/\",\"url\":\"https:\/\/www.baranain.es\/eu\/eventos\/nire-txotxongiloa-egiten-eta-txotxongiloen-istorio-bat-komikiitxurakoa-2017ko-lehiaketetan-aurkeztu-diren-haurren-lanekin\/\",\"name\":\"\u201cNire txotxongiloa egiten\u201d eta \u201cTxotxongiloen istorio bat komikiitxurakoa\u201d 2017ko lehiaketetan aurkeztu diren haurren lanekin - Ayuntamiento de Bara\u00f1ain\/Bara\u00f1aingo Udala\",\"isPartOf\":{\"@id\":\"https:\/\/www.baranain.es\/eu\/#website\"},\"datePublished\":\"2018-03-02T10:37:06+00:00\",\"dateModified\":\"2018-03-02T10:37:06+00:00\",\"breadcrumb\":{\"@id\":\"https:\/\/www.baranain.es\/eu\/eventos\/nire-txotxongiloa-egiten-eta-txotxongiloen-istorio-bat-komikiitxurakoa-2017ko-lehiaketetan-aurkeztu-diren-haurren-lanekin\/#breadcrumb\"},\"inLanguage\":\"eu-ES\",\"potentialAction\":[{\"@type\":\"ReadAction\",\"target\":[\"https:\/\/www.baranain.es\/eu\/eventos\/nire-txotxongiloa-egiten-eta-txotxongiloen-istorio-bat-komikiitxurakoa-2017ko-lehiaketetan-aurkeztu-diren-haurren-lanekin\/\"]}]},{\"@type\":\"BreadcrumbList\",\"@id\":\"https:\/\/www.baranain.es\/eu\/eventos\/nire-txotxongiloa-egiten-eta-txotxongiloen-istorio-bat-komikiitxurakoa-2017ko-lehiaketetan-aurkeztu-diren-haurren-lanekin\/#breadcrumb\",\"itemListElement\":[{\"@type\":\"ListItem\",\"position\":1,\"name\":\"Home\",\"item\":\"https:\/\/www.baranain.es\/eu\/\"},{\"@type\":\"ListItem\",\"position\":2,\"name\":\"Eventos\",\"item\":\"https:\/\/www.baranain.es\/eventos\/\"},{\"@type\":\"ListItem\",\"position\":3,\"name\":\"\u201cNire txotxongiloa egiten\u201d eta \u201cTxotxongiloen istorio bat komikiitxurakoa\u201d 2017ko lehiaketetan aurkeztu diren haurren lanekin\"}]},{\"@type\":\"WebSite\",\"@id\":\"https:\/\/www.baranain.es\/eu\/#website\",\"url\":\"https:\/\/www.baranain.es\/eu\/\",\"name\":\"Ayuntamiento de Bara\u00f1ain\/Bara\u00f1aingo Udala\",\"description\":\"Ayuntamiento de Bara\u00f1ain\/Bara\u00f1aingo Udala\",\"potentialAction\":[{\"@type\":\"SearchAction\",\"target\":{\"@type\":\"EntryPoint\",\"urlTemplate\":\"https:\/\/www.baranain.es\/eu\/?s={search_term_string}\"},\"query-input\":\"required name=search_term_string\"}],\"inLanguage\":\"eu-ES\"}]}<\/script>\r\n<!-- \/ Yoast SEO plugin. -->","yoast_head_json":{"title":"\u201cNire txotxongiloa egiten\u201d eta \u201cTxotxongiloen istorio bat komikiitxurakoa\u201d 2017ko lehiaketetan aurkeztu diren haurren lanekin - Ayuntamiento de Bara\u00f1ain\/Bara\u00f1aingo Udala","robots":{"index":"index","follow":"follow","max-snippet":"max-snippet:-1","max-image-preview":"max-image-preview:large","max-video-preview":"max-video-preview:-1"},"canonical":"https:\/\/www.baranain.es\/eu\/eventos\/nire-txotxongiloa-egiten-eta-txotxongiloen-istorio-bat-komikiitxurakoa-2017ko-lehiaketetan-aurkeztu-diren-haurren-lanekin\/","og_locale":"eu_ES","og_type":"article","og_title":"\u201cNire txotxongiloa egiten\u201d eta \u201cTxotxongiloen istorio bat komikiitxurakoa\u201d 2017ko lehiaketetan aurkeztu diren haurren lanekin - Ayuntamiento de Bara\u00f1ain\/Bara\u00f1aingo Udala","og_url":"https:\/\/www.baranain.es\/eu\/eventos\/nire-txotxongiloa-egiten-eta-txotxongiloen-istorio-bat-komikiitxurakoa-2017ko-lehiaketetan-aurkeztu-diren-haurren-lanekin\/","og_site_name":"Ayuntamiento de Bara\u00f1ain\/Bara\u00f1aingo Udala","twitter_card":"summary_large_image","schema":{"@context":"https:\/\/schema.org","@graph":[{"@type":"WebPage","@id":"https:\/\/www.baranain.es\/eu\/eventos\/nire-txotxongiloa-egiten-eta-txotxongiloen-istorio-bat-komikiitxurakoa-2017ko-lehiaketetan-aurkeztu-diren-haurren-lanekin\/","url":"https:\/\/www.baranain.es\/eu\/eventos\/nire-txotxongiloa-egiten-eta-txotxongiloen-istorio-bat-komikiitxurakoa-2017ko-lehiaketetan-aurkeztu-diren-haurren-lanekin\/","name":"\u201cNire txotxongiloa egiten\u201d eta \u201cTxotxongiloen istorio bat komikiitxurakoa\u201d 2017ko lehiaketetan aurkeztu diren haurren lanekin - Ayuntamiento de Bara\u00f1ain\/Bara\u00f1aingo Udala","isPartOf":{"@id":"https:\/\/www.baranain.es\/eu\/#website"},"datePublished":"2018-03-02T10:37:06+00:00","dateModified":"2018-03-02T10:37:06+00:00","breadcrumb":{"@id":"https:\/\/www.baranain.es\/eu\/eventos\/nire-txotxongiloa-egiten-eta-txotxongiloen-istorio-bat-komikiitxurakoa-2017ko-lehiaketetan-aurkeztu-diren-haurren-lanekin\/#breadcrumb"},"inLanguage":"eu-ES","potentialAction":[{"@type":"ReadAction","target":["https:\/\/www.baranain.es\/eu\/eventos\/nire-txotxongiloa-egiten-eta-txotxongiloen-istorio-bat-komikiitxurakoa-2017ko-lehiaketetan-aurkeztu-diren-haurren-lanekin\/"]}]},{"@type":"BreadcrumbList","@id":"https:\/\/www.baranain.es\/eu\/eventos\/nire-txotxongiloa-egiten-eta-txotxongiloen-istorio-bat-komikiitxurakoa-2017ko-lehiaketetan-aurkeztu-diren-haurren-lanekin\/#breadcrumb","itemListElement":[{"@type":"ListItem","position":1,"name":"Home","item":"https:\/\/www.baranain.es\/eu\/"},{"@type":"ListItem","position":2,"name":"Eventos","item":"https:\/\/www.baranain.es\/eventos\/"},{"@type":"ListItem","position":3,"name":"\u201cNire txotxongiloa egiten\u201d eta \u201cTxotxongiloen istorio bat komikiitxurakoa\u201d 2017ko lehiaketetan aurkeztu diren haurren lanekin"}]},{"@type":"WebSite","@id":"https:\/\/www.baranain.es\/eu\/#website","url":"https:\/\/www.baranain.es\/eu\/","name":"Ayuntamiento de Bara\u00f1ain\/Bara\u00f1aingo Udala","description":"Ayuntamiento de Bara\u00f1ain\/Bara\u00f1aingo Udala","potentialAction":[{"@type":"SearchAction","target":{"@type":"EntryPoint","urlTemplate":"https:\/\/www.baranain.es\/eu\/?s={search_term_string}"},"query-input":"required name=search_term_string"}],"inLanguage":"eu-ES"}]}},"_links":{"self":[{"href":"https:\/\/www.baranain.es\/eu\/wp-json\/wp\/v2\/eventos\/46312"}],"collection":[{"href":"https:\/\/www.baranain.es\/eu\/wp-json\/wp\/v2\/eventos"}],"about":[{"href":"https:\/\/www.baranain.es\/eu\/wp-json\/wp\/v2\/types\/eventos"}],"replies":[{"embeddable":true,"href":"https:\/\/www.baranain.es\/eu\/wp-json\/wp\/v2\/comments?post=46312"}],"wp:attachment":[{"href":"https:\/\/www.baranain.es\/eu\/wp-json\/wp\/v2\/media?parent=46312"}],"curies":[{"name":"wp","href":"https:\/\/api.w.org\/{rel}","templated":true}]}}

Barañain - Id:9569

Barañaingo dendetan eta Kultura Etxean.

<!-- This site is optimized with the Yoast SEO plugin v22.3 - https://yoast.com/wordpress/plugins/seo/ -->
<title>“Nire txotxongiloa egiten” eta “Txotxongiloen istorio bat komikiitxurakoa” 2017ko lehiaketetan aurkeztu diren haurren lanekin - Ayuntamiento de Barañain/Barañaingo Udala</title>
<meta name="robots" content="index, follow, max-snippet:-1, max-image-preview:large, max-video-preview:-1" />
<link rel="canonical" href="https://www.baranain.es/eu/eventos/nire-txotxongiloa-egiten-eta-txotxongiloen-istorio-bat-komikiitxurakoa-2017ko-lehiaketetan-aurkeztu-diren-haurren-lanekin/" />
<meta property="og:locale" content="eu_ES" />
<meta property="og:type" content="article" />
<meta property="og:title" content="“Nire txotxongiloa egiten” eta “Txotxongiloen istorio bat komikiitxurakoa” 2017ko lehiaketetan aurkeztu diren haurren lanekin - Ayuntamiento de Barañain/Barañaingo Udala" />
<meta property="og:url" content="https://www.baranain.es/eu/eventos/nire-txotxongiloa-egiten-eta-txotxongiloen-istorio-bat-komikiitxurakoa-2017ko-lehiaketetan-aurkeztu-diren-haurren-lanekin/" />
<meta property="og:site_name" content="Ayuntamiento de Barañain/Barañaingo Udala" />
<meta name="twitter:card" content="summary_large_image" />
<script type="application/ld+json" class="yoast-schema-graph">{"@context":"https://schema.org","@graph":[{"@type":"WebPage","@id":"https://www.baranain.es/eu/eventos/nire-txotxongiloa-egiten-eta-txotxongiloen-istorio-bat-komikiitxurakoa-2017ko-lehiaketetan-aurkeztu-diren-haurren-lanekin/","url":"https://www.baranain.es/eu/eventos/nire-txotxongiloa-egiten-eta-txotxongiloen-istorio-bat-komikiitxurakoa-2017ko-lehiaketetan-aurkeztu-diren-haurren-lanekin/","name":"“Nire txotxongiloa egiten” eta “Txotxongiloen istorio bat komikiitxurakoa” 2017ko lehiaketetan aurkeztu diren haurren lanekin - Ayuntamiento de Barañain/Barañaingo Udala","isPartOf":{"@id":"https://www.baranain.es/eu/#website"},"datePublished":"2018-03-02T10:37:06+00:00","dateModified":"2018-03-02T10:37:06+00:00","breadcrumb":{"@id":"https://www.baranain.es/eu/eventos/nire-txotxongiloa-egiten-eta-txotxongiloen-istorio-bat-komikiitxurakoa-2017ko-lehiaketetan-aurkeztu-diren-haurren-lanekin/#breadcrumb"},"inLanguage":"eu-ES","potentialAction":[{"@type":"ReadAction","target":["https://www.baranain.es/eu/eventos/nire-txotxongiloa-egiten-eta-txotxongiloen-istorio-bat-komikiitxurakoa-2017ko-lehiaketetan-aurkeztu-diren-haurren-lanekin/"]}]},{"@type":"BreadcrumbList","@id":"https://www.baranain.es/eu/eventos/nire-txotxongiloa-egiten-eta-txotxongiloen-istorio-bat-komikiitxurakoa-2017ko-lehiaketetan-aurkeztu-diren-haurren-lanekin/#breadcrumb","itemListElement":[{"@type":"ListItem","position":1,"name":"Home","item":"https://www.baranain.es/eu/"},{"@type":"ListItem","position":2,"name":"Eventos","item":"https://www.baranain.es/eventos/"},{"@type":"ListItem","position":3,"name":"“Nire txotxongiloa egiten” eta “Txotxongiloen istorio bat komikiitxurakoa” 2017ko lehiaketetan aurkeztu diren haurren lanekin"}]},{"@type":"WebSite","@id":"https://www.baranain.es/eu/#website","url":"https://www.baranain.es/eu/","name":"Ayuntamiento de Barañain/Barañaingo Udala","description":"Ayuntamiento de Barañain/Barañaingo Udala","potentialAction":[{"@type":"SearchAction","target":{"@type":"EntryPoint","urlTemplate":"https://www.baranain.es/eu/?s={search_term_string}"},"query-input":"required name=search_term_string"}],"inLanguage":"eu-ES"}]}</script>
<!-- / Yoast SEO plugin. -->

“Nire txotxongiloa egiten” eta “Txotxongiloen istorio bat komikiitxurakoa” 2017ko lehiaketetan aurkeztu diren haurren lanekin - Ayuntamiento de Barañain/Barañaingo Udala

Ayuntamiento de Barañain/Barañaingo Udala
